hat is -5 (base 13) in base 8?
-5
-144 (base 6) to base 13
-4c
Convert -8b (base 12) to base 4.
-1223
Convert -29 (base 16) to base 6.
-105
What is -14 (base 8) in base 13?
-c
-22 (base 3) to base 9
-8
What is 2a (base 14) in base 12?
32
What is 244 (base 8) in base 10?
164
10 (base 5) to base 16
5
What is 21 (base 4) in base 6?
13
Convert 1 (base 12) to base 4.
1
What is -5 (base 6) in base 7?
-5
What is -2 (base 14) in base 15?
-2
0 (base 2) to base 15
0
-5 (base 12) to base 6
-5
Convert 26 (base 16) to base 9.
42
What is -3 (base 15) in base 11?
-3
Convert -5 (base 13) to base 7.
-5
Convert 19 (base 14) to base 15.
18
6 (base 10) to base 7
6
Convert 426 (base 8) to base 11.
233
What is 10 (base 2) in base 16?
2
What is -7 (base 12) in base 3?
-21
45 (base 13) to base 2
111001
Convert 40 (base 9) to base 11.
33
Convert 1101 (base 2) to base 12.
11
3 (base 16) to base 4
3
Convert -13 (base 9) to base 4.
-30
What is 1111010 (base 2) in base 14?
8a
Convert 2 (base 5) to base 13.
2
20 (base 5) to base 3
101
Convert -10 (base 3) to base 13.
-3
Convert 23 (base 5) to base 15.
d
-12 (base 8) to base 5
-20
0 (base 3) to base 14
0
What is -5 (base 9) in base 7?
-5
-20 (base 3) to base 7
-6
Convert 16 (base 15) to base 11.
1a
Convert -231 (base 5) to base 6.
-150
What is -32 (base 16) in base 13?
-3b
Convert -49 (base 11) to base 13.
-41
What is 30 (base 4) in base 8?
14
What is 5 (base 12) in base 15?
5
What is -92 (base 16) in base 2?
-10010010
What is -c (base 16) in base 13?
-c
-bb (base 15) to base 14
-c8
2 (base 12) to base 8
2
3 (base 14) to base 5
3
-94 (base 11) to base 6
-251
Convert 43 (base 8) to base 6.
55
2 (base 7) to base 16
2
Convert -21 (base 3) to base 2.
-111
What is -c (base 14) in base 9?
-13
Convert 54 (base 6) to base 13.
28
Convert -9 (base 11) to base 8.
-11
Convert 25 (base 15) to base 7.
50
What is -6b (base 13) in base 7?
-155
What is -4 (base 7) in base 3?
-11
Convert 1222 (base 5) to base 14.
d5
-6 (base 12) to base 6
-10
Convert -13 (base 15) to base 16.
-12
What is 1 (base 16) in base 2?
1
Convert -2130 (base 4) to base 8.
-234
What is 424 (base 7) in base 11?
185
What is -6 (base 12) in base 5?
-11
Convert 32 (base 7) to base 13.
1a
Convert -2 (base 15) to base 11.
-2
What is 30 (base 15) in base 2?
101101
What is -1 (base 12) in base 13?
-1
-41 (base 11) to base 3
-1200
Convert -2 (base 3) to base 13.
-2
Convert 20 (base 4) to base 2.
1000
Convert -79 (base 12) to base 11.
-85
Convert 41 (base 6) to base 14.
1b
Convert 3 (base 15) to base 2.
11
Convert 121 (base 6) to base 4.
301
100 (base 16) to base 11
213
Convert -4 (base 8) to base 5.
-4
What is -4 (base 5) in base 14?
-4
Convert -9 (base 13) to base 2.
-1001
Convert 20 (base 5) to base 11.
a
What is 17 (base 9) in base 11?
15
-dc (base 15) to base 11
-179
Convert -220 (base 9) to base 16.
-b4
What is -8 (base 16) in base 4?
-20
-12 (base 6) to base 11
-8
What is -10 (base 2) in base 3?
-2
Convert 4 (base 5) to base 14.
4
36 (base 13) to base 6
113
-1 (base 12) to base 13
-1
-11 (base 7) to base 13
-8
What is -1011101 (base 2) in base 12?
-79
Convert 1 (base 5) to base 9.
1
1 (base 9) to base 8
1
4 (base 10) to base 14
4
3 (base 7) to base 15
3
Convert -7 (base 9) to base 8.
-7
331 (base 4) to base 10
61
1 (base 10) to base 16
1
Convert -20 (base 14) to base 4.
-130
-4 (base 12) to base 10
-4
Convert -26 (base 12) to base 6.
-50
Convert -4 (base 12) to base 13.
-4
What is 4 (base 16) in base 4?
10
-7 (base 12) to base 9
-7
Convert 4 (base 9) to base 12.
4
What is -10 (base 13) in base 8?
-15
Convert -5 (base 8) to base 2.
-101
Convert -326 (base 7) to base 6.
-435
Convert 34 (base 5) to base 4.
103
What is 122 (base 3) in base 11?
16
Convert 95 (base 12) to base 16.
71
Convert 4 (base 8) to base 2.
100
What is -3 (base 10) in base 9?
-3
-7 (base 13) to base 8
-7
Convert 13 (base 6) to base 4.
21
What is -100 (base 4) in base 6?
-24
-1210 (base 3) to base 11
-44
What is -6 (base 9) in base 14?
-6
-8 (base 15) to base 14
-8
Convert 9 (base 11) to base 8.
11
What is -10011 (base 2) in base 7?
-25
Convert 1120 (base 3) to base 9.
46
What is 2 (base 3) in base 7?
2
-193 (base 12) to base 11
-212
7 (base 12) to base 14
7
-1311 (base 4) to base 2
-1110101
152 (base 8) to base 12
8a
What is -3 (base 4) in base 9?
-3
What is 8d (base 15) in base 13?
a3
Convert -2 (base 4) to base 16.
-2
What is -4 (base 14) in base 16?
-4
-17 (base 11) to base 13
-15
Convert 3 (base 16) to base 7.
3
What is -1011 (base 2) in base 8?
-13
2 (base 13) to base 16
2
Convert 3 (base 9) to base 12.
3
What is 145 (base 8) in base 12?
85
-8c (base 16) to base 3
-12012
Convert 15 (base 13) to base 8.
22
Convert 1 (base 8) to base 7.
1
Convert 8 (base 13) to base 6.
12
11f (base 16) to base 8
437
Convert -1210 (base 3) to base 8.
-60
Convert -49 (base 11) to base 4.
-311
Convert 6a (base 14) to base 15.
64
3 (base 5) to base 2
11
Convert -7 (base 15) to base 9.
-7
What is b (base 16) in base 10?
11
Convert -1 (base 10) to base 11.
-1
What is 1 (base 2) in base 3?
1
Convert -111 (base 2) to base 12.
-7
What is -3 (base 11) in base 12?
-3
Convert 104 (base 5) to base 11.
27
What is 5 (base 12) in base 8?
5
-63 (base 10) to base 14
-47
-3 (base 4) to base 13
-3
2 (base 14) to base 10
2
What is 8 (base 10) in base 4?
20
15 (base 13) to base 6
30
Convert 2 (base 3) to base 15.
2
Convert -2113 (base 4) to base 5.
-1101
Convert 4 (base 15) to base 5.
4
-31 (base 5) to base 16
-10
-132 (base 12) to base 3
-20202
What is -5 (base 7) in base 4?
-11
What is 5 (base 7) in base 2?
101
What is 87 (base 14) in base 5?
434
-23 (base 4) to base 12
-b
Convert -1a (base 12) to base 9.
-24
What is 11 (base 15) in base 13?
13
What is 110100 (base 2) in base 10?
52
101 (base 2) to base 10
5
12 (base 15) to base 4
101
What is -35 (base 7) in base 15?
-1b
What is -4 (base 7) in base 5?
-4
-1 (base 9) to base 12
-1
Convert -13 (base 7) to base 8.
-12
-1 (base 3) to base 10
-1
0 (base 9) to base 14
0
139 (base 11) to base 8
243
-4 (base 15) to base 8
-4
312 (base 4) to base 7
105
-62 (base 9) to base 14
-40
What is -1 (base 4) in base 10?
-1
1101 (base 2) to base 16
d
Convert 12 (base 7) to base 14.
9
What is 21 (base 7) in base 9?
16
What is 1122 (base 5) in base 2?
10100010
What is -214 (base 5) in base 12?
-4b
What is 13 (base 4) in base 13?
7
Convert 34 (base 14) to base 10.
46
-12 (base 6) to base 3
-22
Convert -4 (base 13) to base 11.
-4
Convert 1001 (base 2) to base 6.
13
Convert -13 (base 4) to base 7.
-10
Convert 4 (base 6) to base 13.
4
What is -62 (base 10) in base 2?
-111110
97 (base 14) to base 15
8d
Convert 12 (base 6) to base 3.
22
Convert -11 (base 5) to base 15.
-6
What is -1 (base 12) in base 9?
-1
What is -1 (base 3) in base 15?
-1
What is 303 (base 5) in base 11?
71
What is -16 (base 9) in base 3?
-120
What is -120 (base 14) in base 5?
-1344
What is -213 (base 4) in base 10?
-39
What is 61 (base 12) in base 8?
111
Convert 23 (base 4) to base 5.
21
What is 1 (base 14) in base 13?
1
What is 32 (base 7) in base 5?
43
3 (base 12) to base 10
3
Convert 2e (base 15) to base 14.
32
Convert 11022 (base 3) to base 10.
116
What is -122 (base 3) in base 14?
-13
-2201 (base 3) to base 4
-1021
-10 (base 9) to base 15
-9
Convert -159 (base 11) to base 6.
-505
45 (base 10) to base 16
2d
What is 3 (base 4) in base 14?
3
What is 10 (base 2) in base 14?
2
What is -12 (base 15) in base 13?
-14
What is -1 (base 15) in base 7?
-1
Convert 0 (base 12) to base 14.
0
111 (base 13) to base 12
133
Convert 7 (base 16) to base 8.
7
Convert 100001 (base 2) to base 8.
41
Convert -1041 (base 5) to base 2.
-10010010
2 (base 16) to base 12
2
-9 (base 16) to base 12
-9
What is 10011 (base 2) in base 11?
18
-20 (base 3) to base 7
-6
Convert -2 (base 11) to base 7.
-2
What is -20 (base 5) in base 2?
-1010
1 (base 12) to base 11
1
What is -1 (base 10) in base 16?
-1
What is 34 (base 14) in base 2?
101110
What is -93 (base 16) in base 4?
-2103
Convert -10202 (base 3) to base 12.
-85
-4 (base 11) to base 5
-4
-21 (base 8) to base 2
-10001
Convert -104 (base 8) to base 9.
-75
What is -2 (base 9) in base 5?
-2
Convert -54 (base 10) to base 8.
-66
3 (base 7) to base 2
11
Convert 14 (base 16) to base 2.
10100
122 (base 3) to base 8
21
What is -